d(a) = a**3 - 5*a**2 - 5*a - 6. Let q(r) = r + 2. Let w be q(4). Let f be d(w). What is the units digit of z(f)?
9
Let v = -1 + 1. Suppose -4*c + p - 29 = 2*p, -2*c - 4*p = 4. Let m = v - c. What is the units digit of m?
8
Let a be 1*(-2 - -8)*-1. Let g(q) = -q**3 - 7*q**2 - 7*q + 2. Let h be g(a). Suppose -5*r = -3*r - h. What is the units digit of r?
4
Let u = -53 - -86. Suppose -w = 2*c + 3*c - u, -w = -4*c - 6. Suppose w = 3*b - 3*v, -2*b - 5*v - 21 = -4*b. What is the units digit of b?
3
Suppose -10 = 5*m - 35. Suppose -18 = 4*x - 8*x - 3*o, m*o = 4*x - 34. What is the units digit of x?
6
Let p(r) = 6*r**3 + 2*r**2 + 2*r + 1. Let q be p(-1). Let j = -2 - q. Suppose -j = -3*v + 3. What is the units digit of v?
2
Let k(h) = -4*h**3 + 2*h + 4. What is the units digit of k(-2)?
2
Let z(p) be the first derivative of 5*p**2/2 - 6*p - 5. What is the tens digit of z(5)?
1
Let n(f) = -f**2 - 20*f - 8. Let t be n(-10). What is the units digit of t/(-4)*(-10)/5?
6
Let p(f) = 2*f**2 + 6*f + 7. Let u be p(-5). Suppose -2*a + u = -29. What is the tens digit of a?
2
Suppose -4*a + 0*a + 16 = 0. Suppose 0 = 5*d, -a*b + 444 = 2*d + 2*d. Suppose 5*i = -4*y + b, -3*y + y = 4*i - 84. What is the units digit of i?
9
Let z(p) = -8*p + 2. Let o be z(-1). Suppose 2*i = 5*k + 9 + o, 4*i - 93 = -k. What is the units digit of i?
2
Let s = -4 - -9. Let u = 0 + s. Suppose u = -f + 6. What is the units digit of f?
1
Suppose -2*p - 5*j + 90 = 3*p, -117 = -5*p + 4*j. What is the tens digit of p?
2
Let o = -43 - -81. What is the units digit of o?
8
Let k = 19 - -187. What is the units digit of k?
6
Let s(p) = p**2 + 3*p + 3. Let l be s(-2). Suppose -3*i + 27 = -3*d, -i + 3 = -0*i. What is the units digit of 3/(-2 - l) - d?
5
Let n = -1 - -4. Let p be (n + (-12)/3)*-1. Let l(y) = 12*y**3 - y**2. What is the units digit of l(p)?
1
Suppose 9*t - 274 = 7*t. What is the units digit of t?
7
What is the tens digit of 523/7 + 8/28?
7
Let a = -1 + 6. What is the units digit of (a + 0)/((-6)/(-12))?
0
Suppose 5*z + 8 = 2*t, 7*z - 12 = -3*t + 3*z. Suppose 0 = 2*f - 8 - t. What is the units digit of f?
6
Let s(n) = -n**3 - n**3 + 0*n**2 - 2*n**2 + n. Let m be s(-2). What is the units digit of (-3)/(m/(-4)) - 1?
1
Let j = -4 + 5. Let p(b) = -b - j - 6 + 4. What is the units digit of p(-7)?
4
Suppose 6*j = 5*j - 4*p + 111, -104 = -j + 3*p. What is the units digit of j?
7
Let i = 130 - 89. What is the units digit of i?
1
What is the units digit of (-2 + 126/(-35))/(2/(-5))?
4
Suppose 214 = -25*n + 26*n. What is the hundreds digit of n?
2
Let q = 62 + 17. What is the tens digit of q?
7
Suppose -w + 15 = -0*w. Let i = w - 28. Let k = i - -18. What is the units digit of k?
5
Let s(j) = -j + 6. Let o be s(12). What is the units digit of 16/7 - o/(-21)?
2
Let z(a) = -a + 3. Let q(p) = p**3 + 7*p**2 + 4*p - 5. Let f be q(-6). Let h be z(f). What is the units digit of (-37)/h + 5/(-20)?
9
Let d(g) = g**3 - 9*g**2 + 6*g - 15. Let y be d(8). Let i = y - -79. What is the units digit of i?
8
Let a(t) = -t + 63. Let m be a(0). Suppose -m = -0*w - 3*w. Let v = w + -6. What is the units digit of v?
5
Let h(w) = -w**3 - 8*w**2 - 8*w + 7. Let g = 16 + -23. What is the units digit of h(g)?
4
Suppose 0 = 2*s - 2 - 2. Suppose -3*r = 2*v - 31, 5*v - s*r - 35 = -r. What is the units digit of v?
8
Suppose 2*g - g - 8 = 0. What is the units digit of (-8)/32 + 106/g?
3
Let d = 46 + -9. What is the tens digit of d?
3
Let o(u) = 2*u**3 + u**2 + 4*u - 3. Let m(g) = g**2 + g + 2. Let h be m(0). Let f be o(h). Let b = f - 17. What is the units digit of b?
8
Let t(f) = -f**2 + 7*f - 3. Let a be t(3). Suppose -c + a = 2*g, 0*c - 13 = -3*c + g. What is the units digit of c?
5
Let a(z) = z**3 - 9*z**2 - 10*z - 6. Let b be a(10). Let v = b + 22. What is the tens digit of v?
1
Suppose 2*h = 3*c + 100, 0 = -h - 2*c + c + 40. What is the units digit of h?
4
Suppose f + 6*f = 238. What is the units digit of f?
4
Suppose -y - 2*m = -148, y + m - 156 = 3*m. Suppose 0 = 4*r - 8*r + y. What is the tens digit of r?
3
Let t = 2 + 0. Suppose -n + 30 = t*n. What is the tens digit of n?
1
Let x(r) = -1 + 2*r + 1 - 2 + r**3 + 5*r**2. What is the units digit of x(-4)?
6
Suppose 5*a + 0*d = 5*d + 665, 2*a - d - 261 = 0. What is the tens digit of a?
2
Let l(f) = -f + 6. Let i = -19 + 27. Let j be l(i). What is the units digit of 5 + j - (-1 + -1)?
5
Suppose 0 = 2*t - 185 - 101. What is the units digit of t?
3
Let y(l) = -2*l**2 - 32*l - 31. What is the tens digit of y(-14)?
2
Suppose 0 = -f - 3, 2*y - y - 3*f = 6. What is the units digit of y*16/(-9)*3?
6
Suppose -18*x + 13*x + 250 = 0. What is the tens digit of x?
5
Let b be 4/22 + (-1446)/(-33). Suppose 11 = -3*r + b. What is the tens digit of r?
1
Let q = 101 + -22. What is the tens digit of q?
7
Suppose 3*c - 7 = -2*m - 0, -5*m + 9 = -c. Suppose 16 = -4*k + 4*z, -5 = -k - z - c. Suppose -b = -k*b - 1. What is the units digit of b?
1
Let d(c) = -4*c + 6. Let a be d(-7). Let m = -24 + a. What is the units digit of ((-18)/m)/(6/(-30))?
9
Let v = -118 + 181. Suppose r + v = 4*r. What is the units digit of r?
1
Let k(x) = -x**3 + x**2 - 3*x + 9. What is the tens digit of k(-4)?
0
Suppose -2*o + 4*i + 22 = -2, -4*i = 0. Suppose -5*h + 8 + o = 0. What is the units digit of h + (1 - (-1 + 0))?
6
Suppose -i + 9 = 5*w - 0*i, 11 = 3*w - 5*i. Suppose q = -2*q + y + 75, -w*y = 3*q - 84. Suppose q = 5*r - 4. What is the units digit of r?
6
Suppose 2*d = -5*s + 8*s - 16, -3*d = 6. Let q = 12 + s. What is the units digit of q?
6
Let l = -67 - -125. Let b = l + -96. Let a = -21 - b. What is the tens digit of a?
1
Let h(t) = 52*t**2. What is the tens digit of h(1)?
5
Let r(t) = t**3 + 4*t**2 - 2*t - 2. What is the tens digit of r(-2)?
1
Suppose -176 = -5*z + z. What is the units digit of z?
4
Suppose 0 = -p + 4*u - 100, 0 = p + p + 2*u + 150. Let l be (2/(-1))/(5/p). What is the units digit of (-30)/(-8)*l/12?
0
Let u(p) = 7*p**2 + 2*p - 2. Suppose 2*h = 2*z + 4*h + 2, -2*z + 5*h - 9 = 0. What is the units digit of u(z)?
2
What is the tens digit of (24/(-28))/(1/(-14))?
1
Suppose -4*p = -h - 67, 0 = 2*p - 6*p - 2*h + 70. Let s = -2 + p. What is the units digit of (18/s)/(-3)*-20?
8
Let w(i) = 2*i**3 - 2*i + 2. Let s(o) = -o**3 - o**2 + o - 2. Let b(z) = -3*s(z) - 2*w(z). Let c be 3/((-2)/(-8)*6). What is the units digit of b(c)?
8
Suppose j + 25 = 5*q, q - 2 = -4*j - 18. Let p be -8 + q - -3*1. What is the units digit of p/((-2)/14) - -1?
8
Let v be -46*((-9)/(-6) - 1). Let q = -13 - v. What is the units digit of q?
0
Suppose -2*a - 29 + 79 = 0. Suppose 0 = 5*m - 0*f - 5*f - a, 0 = m + 3*f - 25. What is the units digit of m?
0
Let a be 33/12 + 1/4. Suppose -5*o + 2*f + 64 = 0, -3*o - 7*f = -a*f - 54. Let c = o - 10. What is the units digit of c?
4
Let o(l) = l**2 - 3*l. Let b be o(8). What is the units digit of -3 + (-3)/((-6)/b)?
7
Let t(f) = -f**2 + 8*f - 11. What is the units digit of t(6)?
1
Let z = 452 + -313. Suppose 5*o - 4*p - 143 = -0*p, -2*p - z = -5*o. What is the units digit of o?
7
Suppose 3*j + 4*z - 29 = -0*z, -j + 4*z + 31 = 0. Suppose -2*n + 5*l + 90 = 3*n, -5*l = -j. Let s = n + -9. What is the tens digit of s?
1
Suppose 0 = -4*a + 10 - 30. Let w = -12 - a. Let r(x) = -x**3 - 6*x**2 + 7*x + 6. What is the units digit of r(w)?
6
Suppose -3*i - 4*c = 180, 2*c = 2*i + 7*c + 120. Let a = -31 - i. What is the units digit of a?
9
What is the tens digit of 3/(1 - 8/9)?
2
Suppose u = -4*u - 5*j - 35, -5*u - 3*j = 25. Let b(q) = -3*q + q - 2*q - 127 + 125. What is the units digit of b(u)?
6
Suppose -4*a - 91 + 1327 = 0. What is the hundreds digit of a?
3
Let x = 1 + -4. What is the units digit of 1*48/(x/(-1))?
6
Suppose s = 3*k + 11, -5*s + 0*s - 2 = 4*k. Let f(t) = 2*t - 9. Let m be f(6). Suppose m*x = z - 2*z + 21, s*x + 2*z - 18 = 0. What is the units digit of x?
6
Let n be ((-12)/24)/(2/(-16)). Suppose -4*u = 5*h - 240, -2*u + u + 71 = n*h. What is the units digit of u?
5
Let d(i) = -i**3 + 2*i**2 + 4*i - 1. Let y be d(3). Suppose -y*z + 3*z = 10. What is the tens digit of z?
1
Let o(d) = d**3 + 4*d**2 - 6*d - 3. Let k be o(-5). Let x(p) = -1 + 6*p + 4 + 3*p**k - 4*p + 3*p. What is the units digit of x(-3)?
5
Let u(c) = -7*c**2 + c + 8. Let l(j) = 8*j**2 - 9. Let g(o) = 6*l(o) + 7